*u - 95269 = c - 303184. Is c composite?
False
Let c be 9 + (-7 - -3) - (1 - -1). Suppose 5*q = c*q + 7*q. Suppose q = 2*p - 4*h - 390, -5*h = 2*p - 335 - 10. Is p composite?
True
Let f be 5/3*81/45. Suppose -3*q + q + 4*s + 434 = 0, -681 = -f*q - 4*s. Is q prime?
True
Let i = 101007 - 53894. Is i a composite number?
True
Let b(v) = 362*v + 1. Let j(s) = -363*s. Let p(k) = -3*b(k) - 2*j(k). Let h be -5*(-7)/((-105)/6). Is p(h) prime?
False
Let a(w) = 6*w**2 + 35*w + 93. Suppose 0 = -k - 4*t - 56 + 8, -2*k + 4*t = 36. Is a(k) a composite number?
True
Suppose -17*b - 53 = -206. Let k = -17 + 17. Suppose -b*i + 10*i - 1651 = k. Is i a composite number?
True
Let h = -959175 + 1611838. Is h composite?
True
Let d(x) = -x**3 + 26*x**2 + x - 22. Let r be d(26). Is -13*41/((-12)/r + 2) prime?
False
Let c be (9 + 340333)/((-4)/(-2)). Suppose -8*p + c = 39283. Is p prime?
True
Let n(h) = 6*h**3 - h**2 + 5*h + 11. Let y be n(-7). Let w be (1 - (y + 2))/1. Is 3 - (w/(-9))/5*12 a composite number?
False
Let p(j) = 53*j**2 - 196*j - 83. Is p(78) composite?
True
Let z be ((-6)/4)/(-3 - (-71686)/23896). Suppose 0 = -t - 5*t + z. Is t composite?
True
Let y(p) = 37*p**2 - 6*p + 12. Let o be y(-5). Suppose -5*u + 5*l = -4860, 5*u - 6*u = -2*l - o. Is u a prime number?
True
Let o be -22*(-12 + 3)*1/3. Let t = 73 - o. Suppose -t*j = -j - 786. Is j prime?
True
Let m be ((-520)/(-32))/((-6)/(-48)). Let k = 573 - m. Is k a composite number?
False
Let w be 1614/14 - 30/105. Suppose -4*y = 5*p - 160 - 50, -5*y + 25 = 0. Let g = w - p. Is g composite?
True
Let x(l) = 318214*l - 3199. Is x(3) prime?
False
Suppose t + 3*y - 25692 = 0, 5*t - 124958 - 3559 = 4*y. Suppose 4758 + 388 = z - 5*h, 4*h - t = -5*z. Is z a prime number?
False
Suppose l + 5*q = 4*l - 28, 5*l - 2*q - 34 = 0. Suppose 15*m + 36 - l = 0. Is 1 + m + -90*30/(-9) a prime number?
False
Is 2/11 + 332026983/1683 a prime number?
False
Let l(k) be the first derivative of 8*k**2 - 1/4*k**4 - 12 + 8/3*k**3 - 10*k. Is l(9) a prime number?
True
Is 16/(-1400)*-7 + 0 - 5337784/(-200) prime?
False
Let o(z) = 409*z**3 - 2*z**2 + 8*z - 35. Is o(4) a composite number?
False
Suppose -t = 5*h + t + 200, h - 5*t + 13 = 0. Let v(l) = l**3 + 18*l**2 - 12*l + 18. Let i be v(-19). Let m = h - i. Is m composite?
True
Let a(v) = -125*v - 636. Let u be a(-14). Let d(x) = -49*x - 9. Let b be d(-6). Let n = b + u. Is n composite?
False
Let u = -37293 + 79370. Is u a prime number?
False
Let h = 8823 + -1250. Suppose h = 2*s - s. Is s a prime number?
True
Suppose 15*d - 369220 = 32165. Is d prime?
True
Let q(g) = -3*g**2 - 14*g - 8. Let b(a) = -4*a**2 - 14*a - 7. Let l(p) = 2*b(p) - 3*q(p). Let t be l(-14). Suppose -7609 = 3*z - t*z. Is z a composite number?
False
Let j(m) = -27*m - m**2 - 9 - 27*m + 47*m. Let l be j(-5). Is (-2696)/(-4)*l - (1 - 0) a prime number?
True
Suppose -108 = 11*d + d. Is 3 + d/((-36)/9760) prime?
False
Is 382918 - (264/22)/(-12) prime?
True
Suppose -4*s - 5*r = -1145199, -282624 = -4*s + r + 862533. Is s composite?
True
Suppose 0 = -5*d + 7*d + 6, 4*d - 103205 = -c. Is c composite?
False
Let u be 6 - (0 - 1) - (120 + -116). Suppose -363 = -4*h + 3*p, 0*p + u*p = 5*h - 450. Is h a prime number?
False
Let k = 76027 + -40510. Suppose -10021 - k = -2*d. Is d a composite number?
False
Suppose 0*p = -15*p + 165. Suppose 0 = p*l - 39*l + 57848. Is l a composite number?
True
Let o be (-2)/3*(-6)/(-4). Let w(h) = h**2 - 1. Let x(q) = -212*q**2 - 2*q - 7. Let p(a) = 4*w(a) - x(a). Is p(o) prime?
False
Let u(m) = -m**3 + 5*m**2 - 9*m + 8. Let i be u(2). Suppose 239 = c + 3*x, -3*c + 219 = i*x - 526. Is c composite?
False
Suppose 129263 = 3*z + 41377 - 19967. Is z composite?
False
Let t = -404 - -1115. Let x be (-1)/(-2) + (2951820/(-40))/(-23). Suppose x = 2*l + t. Is l a composite number?
False
Let m be -6 + 5*(-36)/(-30). Suppose -3129 + 892 = -r - 4*j, -2*j = m. Is r a composite number?
False
Let h(k) = -1208*k**3 + 11*k**2 + 6*k + 14. Is h(-8) prime?
False
Let d be 5 + -7 + (-3 - -2) + 3. Suppose 3*g - 5507 - 1216 = d. Suppose -h + 4*l = -455, -4*h + 3*l = h - g. Is h prime?
False
Suppose -y + 901260 = 8*n, 8 = 8*y - 6*y. Is n composite?
False
Let x(p) = 80*p**2 - 697*p - 302. Is x(83) prime?
True
Is (2 + (-36)/8)*(-4 - -2) + 716930 prime?
False
Let l(p) = -14318*p**3 + 17*p**2 + 30*p - 3. Is l(-2) composite?
True
Suppose 0 = 118*i - 107*i - 231. Let o(a) = -a**3 + 32*a**2 - 33*a + 29. Is o(i) composite?
True
Is (19407/4)/((-14339)/(-572) + -25) prime?
False
Let a(h) = -h - 12. Let x be a(-15). Suppose -x*i - 54971 = -10*i. Is i a prime number?
True
Suppose 0 = -64*g + 4415723 + 11543765. Is g a composite number?
False
Let k(z) = 5*z**2 + 4*z + 5. Suppose 0 = -7*y - 2*y + 18. Suppose 0 = y*t, g = -t + 4 - 10. Is k(g) prime?
False
Let r(y) = -y**3 - 7*y**2 - 12*y - 4. Let m be r(-5). Is 10/(-15) + 3034/m a composite number?
True
Suppose 5*m + 7577 = 2*y, -y - 5*m + 2970 = -796. Suppose -y = -3*c + 1568. Is c a prime number?
True
Let k(d) = 30631*d**3 - 10*d**2 + 12*d + 7. Is k(4) composite?
False
Suppose 68*m = 63*m + 1855. Let p = 817 - m. Is p a composite number?
True
Let l = -75 + 77. Let t be (-32)/8 - (1876 - l). Let d = t - -3137. Is d a composite number?
False
Let z = 451 + -775. Let d be ((-2 + -1)/(-9))/((-4)/z). Suppose 23*r = d*r - 316. Is r a composite number?
False
Suppose -6*g - 101 = -305. Let d(f) = 34*f + 154*f**2 + 219*f**2 - g*f. Is d(1) a composite number?
False
Suppose 2*w - 3020 = -4*q, -4*q + 7*w = 8*w - 3022. Let s = 2 + 161. Let x = s + q. Is x a composite number?
False
Let b = 588 + -585. Suppose -3*g + 26442 = b*d, 2*d = -3*d + 3*g + 44062. Is d a prime number?
False
Let d be 0 - -1 - -20*2. Suppose -2*x + 2117 = -d. Suppose p - 2*p + x = 0. Is p a composite number?
True
Suppose j = -4*s + 53432, 0 = 5*j - 3 + 23. Let x = s - 5975. Suppose -7*i = -3*i + q - x, 3686 = 2*i + 2*q. Is i a composite number?
False
Let s = -40621 - -82064. Is s prime?
True
Let p = 15194 + -13117. Is p a composite number?
True
Suppose -31 = 5*n - 56. Suppose 13*d - n*d - 64 = 0. Suppose 2187 = d*a - 18173. Is a a prime number?
False
Let c be ((-3)/9)/((-9)/108). Suppose 4*l - 2*b = 3*b + 163, -c*l - b = -145. Suppose -2*h + 93 = 5*k, -3*h - l = -2*k + 4. Is k composite?
False
Suppose 0 = 6*x - 2*x - 4*t - 64, -t + 3 = 0. Suppose 18*v + 3 = x*v. Suppose 2*h - 605 = 3*w, -2*h + v*w + 304 = -h. Is h a composite number?
True
Let t(n) be the second derivative of -n**3/3 + 29*n**2/2 + 24*n. Let y be t(13). Suppose 2246 = 2*l + 3*p, -2*l + 0*l = -y*p - 2222. Is l composite?
False
Suppose l - 5*g = 272061 + 207708, l = 2*g + 479757. Is l a prime number?
True
Let x(t) = -4443*t + 4. Let v be x(-4). Let q = 36 - 30. Is v/q - (-10)/30 composite?
False
Let y(u) = -8 + 6*u**2 + 21 + 7*u + 3*u**2 + u**3. Let t be y(-7). Suppose -548 = -2*a + t. Is a a composite number?
True
Suppose 3 = -3*i + 3*o, -2*i + 3*o = -i + 9. Suppose -i*x = v - 294, -5*x - 1142 = -5*v + 308. Is v prime?
False
Suppose 28*j - 1053985 = -37613. Is j a composite number?
False
Let c(a) = -a**3 - 13*a**2 - 19*a - 21. Let w be c(-13). Let t = w - 48. Suppose -x = -735 + t. Is x composite?
False
Suppose -4*r - 13 = -41. Suppose r*j + 29 - 113 = 0. Let x(b) = b**3 - 9*b**2 - 25*b + 2. Is x(j) prime?
False
Let w = -696 - -704. Suppose 0 = -w*k + 9*k - 3*x - 5973, 5*x + 5969 = k. Is k composite?
True
Let n(u) = 283 - 141 + 4*u - u**3 - 153 + 28*u**2. Is n(14) a prime number?
True
Let r(p) = -p**3 - 8*p**2 + 8*p - 7. Let v be r(-9). Suppose -i - v*i + 2901 = 0. Is 1*i*(-23 - -24) a composite number?
False
Let u = 151506 + -7205. Is u prime?
False
Suppose -39*u + 132 + 2091 = 0. Suppose -4*n = 5*f - 549, -3*n + 368 = -5*f - 0*f. Let z = n - u. Is z a prime number?
False
Let t(v) = -774*v**3 - 10*v**2 - 6*v - 37. Is t(-6) composite?
False
Suppose 6*i + 17*i - 22213975 = 0. Suppose 26*r - r = i. Is r a prime number?
False
Let n(t) = 7*t**2 - 2*t + 17. Let u(k) = 36*k**2 - 11*k + 85. Let q(s) = 11*n(s) - 2*u(s). Let w = -10430 - -10448. Is q(w) prime?
True
Suppose g - 301*d + 298*d = 4, 5*g + 5*d - 60 = 0. Suppose -4*i - 42 = 2*j, -2*i + 4*j - 1 + 5 = 0. Is 20/g*(-454)/i*6 a composite number?
True
Let d(l) = 16967*l + 74. Is d(1) a composite number?
False
Suppose 